506 - -515. Calculate the greatest common factor of p and 2.
1
Suppose -2*h - 3*o + 84 = 0, -3*h - 4*o = -148 + 24. What is the highest common divisor of h and 228?
12
Let f = -379 + 787. Calculate the greatest common divisor of f and 255.
51
Suppose 5*b - 5*i - 205 = 0, -198 = 27*b - 32*b - 2*i. What is the greatest common factor of b and 184?
8
Let q be (-4 - -3 - 2) + 79 + -4. Calculate the highest common factor of q and 54.
18
Suppose 0 = 5*j - b - 81, -b = -j + b + 18. Let z = 28 - -52. What is the greatest common divisor of j and z?
16
Let c = 30 - 15. Suppose -2*m = -g - 359, -10 + 0 = -2*g. Suppose 2*w - m - 122 = -5*a, 5*a - 292 = 4*w. What is the greatest common divisor of c and a?
15
Suppose -2 = -19*z + 17*z. Let t be -1*41*(z - 6). What is the highest common divisor of t and 41?
41
Suppose 89*i = 77*i + 144. What is the greatest common factor of 78 and i?
6
Let r = 560 + 154. What is the greatest common divisor of 42 and r?
42
Let h = -13 - -19. Suppose 0 = x - h - 4. Let l be (0 - 16)/((-1)/5). What is the highest common divisor of x and l?
10
Let u be 2380/25 - ((-238)/35 - -6). Calculate the greatest common factor of 40 and u.
8
Suppose -18*k = p - 17*k - 59, -5*k - 209 = -3*p. Calculate the greatest common divisor of p and 126.
63
Let c be ((-70)/(-5))/(2/(-10)*-2). What is the highest common divisor of c and 40?
5
Let c(w) = w + 21. Let y be c(-9). Let z(i) = 2*i - 2. Suppose 0 = 4*q, 4*q - 10 = -b - q. Let f be z(b). What is the highest common divisor of y and f?
6
Suppose 9*c - 781 - 38 = 0. Calculate the highest common factor of 13 and c.
13
Suppose -72 = -2*m + 2*u, -2*u - u = 5*m - 212. Calculate the highest common divisor of 440 and m.
40
Let p = 38 + -27. Let u = p - 9. Let v = 30 - 20. What is the highest common factor of v and u?
2
Let n = 492 + -481. What is the greatest common factor of n and 726?
11
Let u = 519 + 327. What is the highest common divisor of u and 470?
94
Let i be 51/(-85) + 23*12/10. What is the highest common factor of 4 and i?
1
Let b(n) = 3*n**2 - 21. Let v be b(4). Calculate the greatest common factor of 81 and v.
27
Suppose 5*a = -u + 57, 3*u - 6*a - 153 = -3*a. Suppose -4*w + 0*w - u = 0. Let v = w + 15. What is the highest common factor of 8 and v?
2
Let t(g) = 5 + 20 + 2*g + 55 - 15. Let c be t(-25). Calculate the greatest common divisor of 25 and c.
5
Suppose 4 = 3*w - 5*w. Let c be (-180)/(-16)*(2 - w). What is the highest common divisor of c and 15?
15
Let l = -5 + 7. Let r = 10 - l. Let f be 0 - 0 - (-16)/r. Calculate the greatest common factor of f and 2.
2
Let r(b) = 4*b**2 + 39*b - 42. Let v be r(-15). What is the greatest common divisor of 455 and v?
91
Let v be 69/12 + (-9)/12. Suppose -v*u = 5*s - 1720, 2*s - 427 - 255 = u. What is the greatest common divisor of 38 and s?
38
Let w = 53 - -99. What is the highest common divisor of w and 228?
76
Let q(a) = -28*a - 2. Let f be q(-1). Suppose l + 8 = f. Calculate the greatest common divisor of 18 and l.
18
Let p(g) be the first derivative of g**2 + g - 1. Let x(l) = -l**2 + 6*l - 3. Let w be x(5). Let i be p(w). Calculate the greatest common factor of 25 and i.
5
Let i(q) = 8*q - 30. Let h be i(9). Suppose 3*g + h = 4*g. What is the highest common divisor of g and 14?
14
Let n be ((-1272)/530)/((-634)/(-640) + -1). Calculate the highest common factor of n and 4.
4
Let p(x) = x**3 + 6*x**2 - 25*x + 6. Let t be p(7). What is the highest common factor of t and 36?
36
Suppose -3*g + 100 = 2*o - 2*g, 100 = 2*o + 2*g. Calculate the greatest common divisor of o and 325.
25
Suppose 0*w = -2*w + 44. Let x(o) = -o**3 - 12*o**2 - 22*o + 13. Let h = -94 - -84. Let g be x(h). Calculate the greatest common factor of w and g.
11
Suppose -2*k = 2*b - 90, 0 = 4*k - 2*b - 2*b - 172. What is the greatest common factor of k and 88?
44
Suppose -5*j = -n, 14 = -4*j - 3*n + n. Let p(y) = -36*y + 0 + 0 - 6*y. Let q be p(j). What is the highest common divisor of q and 14?
14
Let r be 5672/22 - (-12)/66. Let q = r + -390. Let m = 260 + q. Calculate the highest common factor of 16 and m.
16
Let m(g) = 44*g**3 + 3*g + 8. Let x be m(9). Let y be (-9)/(-72) + x/8. Let n be 1/4 + y/72. What is the greatest common divisor of 7 and n?
7
Suppose 3*f - 6*n - 182 = -n, 4*n + 56 = f. Suppose -27 = 3*o + 3*x, -x = -0*o - 2*o - 18. Let g be 3*12*(-2)/o. Calculate the highest common factor of f and g.
8
Let a(u) = -4*u + 13. Suppose 0*p + 3*p + 6 = -2*o, -2*p + 4 = 0. Let n be a(o). Suppose 3*h + 16 = n. What is the highest common factor of h and 7?
7
Suppose -x - o + 24 = 0, 4*x + 0*o + o - 105 = 0. What is the greatest common divisor of 135 and x?
27
Let u = -580 + 755. What is the highest common factor of 75 and u?
25
Suppose -2*s + 20 = 2*z, -2*z = 3*s + 2*z - 30. Let u(d) = d**3 - d**2 - 5*d + 5. Let t be u(5). What is the highest common factor of t and s?
10
Let u(b) = 3*b**2 - 2*b + 5. Let o = -2 + 4. Let p be u(o). Calculate the highest common divisor of p and 91.
13
Let p(a) = 11*a**3 + a**2 - a + 1. Suppose -3 = -b - 2*b. Let h be p(b). Suppose -3*y = 0, -w = 3*y + 3 - 7. What is the highest common divisor of h and w?
4
Suppose -16 = s - 14. Let x be (-6)/((-24)/(-7))*24/s. What is the highest common divisor of x and 3?
3
Let o be ((-520)/(-24))/(0 - 3/(-90)). What is the highest common divisor of o and 26?
26
Let f = 44 - 42. Suppose p - 2*u = 2*u - 5, f*u - 70 = -4*p. What is the highest common divisor of p and 120?
15
Suppose 2*t - 1545 = -t. Let i = -599 + 337. Let b = t + i. Calculate the greatest common divisor of 23 and b.
23
Let w be 90/24*(-24)/(-9). Suppose 4*z + w = -q, -3*q - 2*z = -5*z - 30. Suppose 0*u = -u + q. What is the highest common divisor of u and 3?
3
Let u = 2247 + -1303. Calculate the highest common factor of u and 59.
59
Let d be ((-2 - 9) + 5)*(-7)/2. Suppose 4*r = 356 - 104. What is the highest common factor of r and d?
21
Suppose -28 = 2*p - 4*p. Let s be 4/p - (0 - (-666)/(-21)). What is the highest common factor of 4 and s?
4
Let h(s) = s - 5. Let g be h(-3). Let p be (-18 - 0)*4/g. Calculate the highest common divisor of 9 and p.
9
Suppose 27 = 35*v - 32*v. Calculate the greatest common factor of v and 24.
3
Let h(q) = q**3 + 16*q**2 + 47*q + 37. Let k be h(-11). What is the highest common divisor of k and 40?
5
Let q = -1587 + 1821. Calculate the highest common divisor of q and 54.
18
Let o(p) = p**2 + 9*p + 53. Let n be o(-10). What is the highest common factor of n and 7?
7
Let r = -14 - -34. What is the highest common divisor of r and 25?
5
Suppose -m - 2*z = -0*m - 816, -2433 = -3*m - z. Calculate the highest common divisor of m and 30.
30
Let x(q) = 27*q - 2. Let t = 30 - 29. Let a be x(t). Suppose -2*f - 6 = -4*k + 18, 4*f - 12 = -4*k. What is the greatest common divisor of a and k?
5
Let w be 3 - (1 - 7 - 17). Calculate the highest common factor of w and 6.
2
Let o(k) = 6*k**2 + 2*k - 4. Let l be o(2). What is the greatest common divisor of 9 and l?
3
Suppose -7 - 1 = -4*i - 4*v, -6 = 4*i - 3*v. Suppose -4*w + b + 20 = i, -b - 8 = -0*w - w. Calculate the greatest common divisor of w and 10.
2
Suppose 177 = 4*x + 5*o, -3*x - 2 = 3*o - 131. Calculate the highest common factor of x and 494.
38
Suppose -2*f - 112 = -0*z - 2*z, f = 5*z - 272. Calculate the highest common factor of z and 30.
6
Let g be 2/10 - 114/(-30). Suppose 5*t + 4*m = 40, 0 = -g*t + m + 3*m - 4. Suppose -t*o + 3*o = -2. What is the highest common factor of o and 2?
2
Let n be (3/1)/(3/5). Suppose h - 2*c - 115 = 0, -6*h + n*c = -h - 550. Calculate the greatest common divisor of 42 and h.
21
Suppose 0 = -38*c + 34*c + 3*r + 89, -53 = -3*c + 5*r. Let k(a) = 201*a - 2. Let f be k(3). Let j = f - 419. What is the highest common factor of j and c?
26
Let m = -12 + -18. Let q = m - -42. Let n be (-2)/(-4) + (-355)/(-10). What is the highest common divisor of q and n?
12
Suppose 5*a = -0*v + 3*v + 13, -5*v - 2*a + 30 = 0. Let p be (v - 4) + -1 + -4861. Let i be p/(-88) + 3/4. What is the highest common divisor of 7 and i?
7
Let y(v) = 11*v - 3. Let i be y(3). Let m = -776 - -788. What is the highest common factor of m and i?
6
Let l = 0 + 3. Suppose 28*q = 18*q. Suppose q*n = l*n - 12. What is the greatest common divisor of n and 12?
4
Let x = -114 + 127. Suppos